{"id":14558,"date":"2026-04-05T10:00:14","date_gmt":"2026-04-05T03:00:14","guid":{"rendered":"https:\/\/adat-maycatgiay.vn\/?page_id=14558"},"modified":"2026-04-05T11:07:24","modified_gmt":"2026-04-05T04:07:24","slug":"dich-vu-sua-chua","status":"publish","type":"page","link":"https:\/\/adat-maycatgiay.vn\/?page_id=14558","title":{"rendered":"D\u1ecbch v\u1ee5 s\u1eeda ch\u1eefa"},"content":{"rendered":"\t\t<div data-elementor-type=\"wp-page\" data-elementor-id=\"14558\" class=\"elementor elementor-14558\">\n\t\t\t\t\t\t<section class=\"elementor-section elementor-top-section elementor-element elementor-element-7b03c708 elementor-section-boxed elementor-section-height-default elementor-section-height-default\" data-id=\"7b03c708\" data-element_type=\"section\">\n\t\t\t\t\t\t<div class=\"elementor-container elementor-column-gap-default\">\n\t\t\t\t\t<div class=\"elementor-column elementor-col-100 elementor-top-column elementor-element elementor-element-1cb5dbf9\" data-id=\"1cb5dbf9\" data-element_type=\"column\">\n\t\t\t<div class=\"elementor-widget-wrap elementor-element-populated\">\n\t\t\t\t\t\t<div class=\"elementor-element elementor-element-58dfc4be elementor-widget elementor-widget-text-editor\" data-id=\"58dfc4be\" data-element_type=\"widget\" data-widget_type=\"text-editor.default\">\n\t\t\t\t<div class=\"elementor-widget-container\">\n\t\t\t\t\t\t\tD\u1ecbch v\u1ee5 s\u1eeda ch\u1eefa.\n\t\t\t\t\t\t<\/div>\n\t\t\t\t<\/div>\n\t\t\t\t\t<\/div>\n\t\t<\/div>\n\t\t\t\t\t<\/div>\n\t\t<\/section>\n\t\t\t\t<section class=\"elementor-section elementor-top-section elementor-element elementor-element-f647491 elementor-section-boxed elementor-section-height-default elementor-section-height-default\" data-id=\"f647491\" data-element_type=\"section\">\n\t\t\t\t\t\t<div class=\"elementor-container elementor-column-gap-default\">\n\t\t\t\t\t<div class=\"elementor-column elementor-col-100 elementor-top-column elementor-element elementor-element-d36437f\" data-id=\"d36437f\" data-element_type=\"column\">\n\t\t\t<div class=\"elementor-widget-wrap elementor-element-populated\">\n\t\t\t\t\t\t<div class=\"elementor-element elementor-element-8187ed2 elementor-widget__width-initial elementor-widget elementor-widget-heading\" data-id=\"8187ed2\" data-element_type=\"widget\" data-widget_type=\"heading.default\">\n\t\t\t\t<div class=\"elementor-widget-container\">\n\t\t\t<h2 class=\"elementor-heading-title elementor-size-default\">D\u1ecbch v\u1ee5 s\u1eeda ch\u1eefa &amp; B\u1ea3o d\u01b0\u1ee1ng M\u00e1y C\u1eaft Gi\u1ea5y Nh\u1eadt B\u1ea3n N\u1ed9i \u0110\u1ecba chuy\u00ean nghi\u1ec7p<\/h2>\t\t<\/div>\n\t\t\t\t<\/div>\n\t\t\t\t\t<\/div>\n\t\t<\/div>\n\t\t\t\t\t<\/div>\n\t\t<\/section>\n\t\t\t\t<section class=\"elementor-section elementor-top-section elementor-element elementor-element-411617f elementor-section-boxed elementor-section-height-default elementor-section-height-default\" data-id=\"411617f\" data-element_type=\"section\">\n\t\t\t\t\t\t<div class=\"elementor-container elementor-column-gap-default\">\n\t\t\t\t\t<div class=\"elementor-column elementor-col-100 elementor-top-column elementor-element elementor-element-76efcee\" data-id=\"76efcee\" data-element_type=\"column\">\n\t\t\t<div class=\"elementor-widget-wrap elementor-element-populated\">\n\t\t\t\t\t\t<div class=\"elementor-element elementor-element-79274c8 elementor-widget elementor-widget-text-editor\" data-id=\"79274c8\" data-element_type=\"widget\" data-widget_type=\"text-editor.default\">\n\t\t\t\t<div class=\"elementor-widget-container\">\n\t\t\t\t\t\t\tB\u1ea1n \u0111ang s\u1edf h\u1eefu c\u00e1c d\u00f2ng m\u00e1y c\u1eaft gi\u1ea5y b\u00e3i Nh\u1eadt nh\u01b0 Horizon, Nagai, Itoh&#8230; nh\u01b0ng g\u1eb7p tr\u1ee5c tr\u1ee5c tr\u1eb7c v\u1ec1 h\u1ec7 th\u1ed1ng \u0111i\u1ec7n, th\u1ee7y l\u1ef1c hay l\u1eadp tr\u00ecnh?\n\nV\u1edbi h\u01a1n nhi\u1ec1u n\u0103m kinh nghi\u1ec7m chuy\u00ean s\u00e2u v\u1ec1 ph\u1ea7n c\u1ee9ng m\u00e1y c\u1eaft gi\u1ea5y n\u1ed9i \u0111\u1ecba, ch\u00fang t\u00f4i cung c\u1ea5p gi\u1ea3i ph\u00e1p x\u1eed l\u00fd tri\u1ec7t \u0111\u1ec3 c\u00e1c ban b\u1ec7nh:\n\nH\u1ec7 th\u1ed1ng \u0111i\u1ec1u khi\u1ec3n: L\u1ed7i bo m\u1ea1ch, l\u1ec7ch k\u00edch th\u01b0\u1edbc l\u1eadp tr\u00ecnh, m\u00e0n h\u00ecnh kh\u00f4ng hi\u1ec3n th\u1ecb.\n\nC\u01a1 kh\u00ed &#038; Th\u1ee7y l\u1ef1c: M\u00e1y c\u1eaft kh\u00f4ng \u0111\u1ee9t, ti\u1ebfng k\u00eau l\u1ea1, r\u00f2 r\u1ec9 d\u1ea7u th\u1ee7y l\u1ef1c, dao l\u00ean xu\u1ed1ng kh\u00f4ng \u0111\u1ec1u.\n\nN\u00e2ng c\u1ea5p h\u1ec7 th\u1ed1ng: Chuy\u1ec3n \u0111\u1ed5i, n\u00e2ng c\u1ea5p b\u1ed9 \u0111o s\u1ed1 \u0111i\u1ec7n t\u1eed cho c\u00e1c d\u00f2ng m\u00e1y \u0111\u1eddi c\u0169 gi\u00fap t\u0103ng \u0111\u1ed9 ch\u00ednh x\u00e1c.\n\n\ud83d\udee0\ufe0f Cam k\u1ebft: Th\u1ee3 c\u1ee9ng tr\u1ef1c ti\u1ebfp x\u1eed l\u00fd, linh ki\u1ec7n chu\u1ea9n Nh\u1eadt B\u1ea3n, b\u1ea3o h\u00e0nh chu \u0111\u00e1o sau s\u1eeda ch\u1eefa. \u0110\u1ea3m b\u1ea3o m\u00e1y v\u1eadn h\u00e0nh m\u01b0\u1ee3t m\u00e0, kh\u00f4ng l\u00e0m gi\u00e1n \u0111o\u1ea1n ti\u1ebfn \u0111\u1ed9 x\u01b0\u1edfng in c\u1ee7a b\u1ea1n!\n\n\ud83d\udcdd B\u00c0I 2: G\u1eedi v\u00e0o m\u1ee5c &#8220;Tin \/ Kinh nghi\u1ec7m&#8221;\n(B\u00e0i n\u00e0y gi\u00fap web c\u00f3 gi\u00e1 tr\u1ecb chia s\u1ebb, kh\u00e1ch \u0111\u1ecdc th\u1ea5y \u0111\u00fang chuy\u00ean m\u00f4n s\u1ebd r\u1ea5t n\u1ec3)\n\nTi\u00eau \u0111\u1ec1: 3 L\u01b0u \u00fd &#8220;S\u1ed1ng C\u00f2n&#8221; khi ch\u1ecdn mua M\u00e1y C\u1eaft Gi\u1ea5y Nh\u1eadt b\u00e3i (\u0110\u00e3 qua s\u1eed d\u1ee5ng)\n\nN\u1ed9i dung:\n\nM\u00e1y c\u1eaft gi\u1ea5y n\u1ed9i \u0111\u1ecba Nh\u1eadt n\u1ed5i ti\u1ebfng v\u1ec1 \u0111\u1ed9 b\u1ec1n v\u00e0 \u0111\u1ed9 \u0111\u1ea7m khi c\u1eaft. Tuy nhi\u00ean, \u0111\u1ec3 ch\u1ecdn \u0111\u01b0\u1ee3c m\u1ed9t con m\u00e1y b\u00e3i c\u00f2n &#8220;ngon&#8221; gi\u1eefa h\u00e0ng b\u00e3i r\u00e1c l\u00e0 \u0111i\u1ec1u kh\u00f4ng h\u1ec1 d\u1ec5. D\u01b0\u1edbi \u0111\u00e2y l\u00e0 3 kinh nghi\u1ec7m x\u01b0\u01a1ng m\u00e1u t\u1eeb th\u1ee3 k\u1ef9 thu\u1eadt:\n\nKi\u1ec3m tra k\u1ef9 h\u1ec7 th\u1ed1ng th\u1ee7y l\u1ef1c v\u00e0 piston: H\u00e3y y\u00eau c\u1ea7u ch\u1ee7 x\u01b0\u1edfng cho c\u1eaft th\u1eed x\u1ea5p gi\u1ea5y d\u00e0y h\u1ebft c\u00f4ng su\u1ea5t. Quan s\u00e1t xem piston c\u00f3 b\u1ecb x\u00ec d\u1ea7u hay \u00e1p l\u1ef1c c\u00f3 b\u1ecb gi\u1ea3m khi c\u1eaft li\u00ean t\u1ee5c hay kh\u00f4ng.\n\n\u0110\u1ed9 r\u01a1 c\u1ee7a tr\u1ee5c dao v\u00e0 b\u00e0n \u0111\u1ea9y: \u0110\u00e2y l\u00e0 y\u1ebfu t\u1ed1 quy\u1ebft \u0111\u1ecbnh \u0111\u1ed9 ch\u00ednh x\u00e1c c\u1ee7a s\u1ea3n ph\u1ea9m. B\u1ea1n h\u00e3y d\u00f9ng th\u01b0\u1edbc \u0111o th\u1eed xem k\u00edch th\u01b0\u1edbc th\u1ef1c t\u1ebf sau khi c\u1eaft c\u00f3 b\u1ecb l\u1ec7ch so v\u1edbi th\u00f4ng s\u1ed1 hi\u1ec3n th\u1ecb tr\u00ean m\u00e0n h\u00ecnh hay kh\u00f4ng.\n\nLinh ki\u1ec7n thay th\u1ebf c\u00f3 ph\u1ed5 bi\u1ebfn kh\u00f4ng?: Nh\u1eefng d\u00f2ng m\u00e1y qu\u00e1 c\u1ed5 d\u00f9 gi\u00e1 r\u1ea5t r\u1ebb nh\u01b0ng khi h\u1ecfng bo m\u1ea1ch hay g\u00e3y linh ki\u1ec7n c\u01a1 kh\u00ed s\u1ebd c\u1ef1c k\u1ef3 kh\u00f3 t\u00ecm \u0111\u1ed3 thay. H\u00e3y \u01b0u ti\u00ean ch\u1ecdn c\u00e1c th\u01b0\u01a1ng hi\u1ec7u ph\u1ed5 bi\u1ebfn \u0111\u1ec3 d\u1ec5 b\u1ea3o d\u01b0\u1ee1ng v\u1ec1 sau.\n\n\ud83d\udca1 N\u1ebfu b\u1ea1n \u0111ang ph\u00e2n v\u00e2n ch\u01b0a bi\u1ebft ch\u1ecdn d\u00f2ng m\u00e1y n\u00e0o ph\u00f9 h\u1ee3p v\u1edbi quy m\u00f4 x\u01b0\u1edfng c\u1ee7a m\u00ecnh, h\u00e3y li\u00ean h\u1ec7 ngay v\u1edbi ch\u00fang t\u00f4i \u0111\u1ec3 \u0111\u01b0\u1ee3c t\u01b0 v\u1ea5n k\u1ef9 thu\u1eadt mi\u1ec5n ph\u00ed!\t\t\t\t\t\t<\/div>\n\t\t\t\t<\/div>\n\t\t\t\t\t<\/div>\n\t\t<\/div>\n\t\t\t\t\t<\/div>\n\t\t<\/section>\n\t\t\t\t<\/div>\n\t\t","protected":false},"excerpt":{"rendered":"<p>D\u1ecbch v\u1ee5 s\u1eeda ch\u1eefa. D\u1ecbch v\u1ee5 s\u1eeda ch\u1eefa &amp; B\u1ea3o d\u01b0\u1ee1ng M\u00e1y C\u1eaft Gi\u1ea5y Nh\u1eadt B\u1ea3n N\u1ed9i \u0110\u1ecba chuy\u00ean nghi\u1ec7p B\u1ea1n \u0111ang s\u1edf h\u1eefu c\u00e1c d\u00f2ng m\u00e1y c\u1eaft gi\u1ea5y b\u00e3i Nh\u1eadt nh\u01b0 Horizon, Nagai, Itoh&#8230; nh\u01b0ng g\u1eb7p tr\u1ee5c tr\u1ee5c tr\u1eb7c v\u1ec1 h\u1ec7 th\u1ed1ng \u0111i\u1ec7n, th\u1ee7y l\u1ef1c hay l\u1eadp tr\u00ecnh? V\u1edbi h\u01a1n nhi\u1ec1u n\u0103m kinh nghi\u1ec7m&#8230;<\/p>\n","protected":false},"author":16,"featured_media":0,"parent":0,"menu_order":0,"comment_status":"closed","ping_status":"closed","template":"","meta":{"footnotes":""},"class_list":["post-14558","page","type-page","status-publish","hentry"],"_links":{"self":[{"href":"https:\/\/adat-maycatgiay.vn\/index.php?rest_route=\/wp\/v2\/pages\/14558","targetHints":{"allow":["GET"]}}],"collection":[{"href":"https:\/\/adat-maycatgiay.vn\/index.php?rest_route=\/wp\/v2\/pages"}],"about":[{"href":"https:\/\/adat-maycatgiay.vn\/index.php?rest_route=\/wp\/v2\/types\/page"}],"author":[{"embeddable":true,"href":"https:\/\/adat-maycatgiay.vn\/index.php?rest_route=\/wp\/v2\/users\/16"}],"replies":[{"embeddable":true,"href":"https:\/\/adat-maycatgiay.vn\/index.php?rest_route=%2Fwp%2Fv2%2Fcomments&post=14558"}],"version-history":[{"count":13,"href":"https:\/\/adat-maycatgiay.vn\/index.php?rest_route=\/wp\/v2\/pages\/14558\/revisions"}],"predecessor-version":[{"id":14639,"href":"https:\/\/adat-maycatgiay.vn\/index.php?rest_route=\/wp\/v2\/pages\/14558\/revisions\/14639"}],"wp:attachment":[{"href":"https:\/\/adat-maycatgiay.vn\/index.php?rest_route=%2Fwp%2Fv2%2Fmedia&parent=14558"}],"curies":[{"name":"wp","href":"https:\/\/api.w.org\/{rel}","templated":true}]}}