{"id":5169,"date":"2022-12-12T06:57:34","date_gmt":"2022-12-11T23:57:34","guid":{"rendered":"https:\/\/adat-maycatgiay.vn\/?post_type=product&#038;p=5169"},"modified":"2022-12-12T06:57:34","modified_gmt":"2022-12-11T23:57:34","slug":"dong-ghim-nhat-ban-hieu-maru","status":"publish","type":"product","link":"https:\/\/adat-maycatgiay.vn\/?product=dong-ghim-nhat-ban-hieu-maru","title":{"rendered":"\u0110\u00f3ng ghim nh\u1eadt b\u1ea3n hi\u1ec7u Maru"},"content":{"rendered":"<p><strong>\u01b0 v\u1ea5n, mua m\u00e1y m\u00f3c thi\u1ebft b\u1ecb:<\/strong>\u00a0\u0110\u1ecba ch\u1ec9: 61-27 An Ph\u00fa \u0110\u00f4ng 13, Qu\u1eadn 12, TP H\u1ed3 Ch\u00ed Minh<\/p>\n<p><strong>\u2013 Li\u00ean h\u1ec7 mua v\u1eadt t\u01b0:\u00a0\u00a0<\/strong>\u00a0\u0110i\u1ec7n tho\u1ea1i : 0363 010 938<\/p>\n<p>Mi\u1ec5n ph\u00ed l\u1eafp \u0111\u1eb7t t\u1eadn n\u01a1i v\u00e0 h\u01b0\u1edbng d\u1eabn s\u1eed d\u1ee5ng chi ti\u1ebft.<\/p>\n<p>Qu\u00fd kh\u00e1ch h\u00e0ng h\u00e3y li\u00ean h\u1ec7 tr\u1ef1c ti\u1ebfp\u00a0\u0111\u1ec3 \u0111\u01b0\u1ee3c t\u01b0 v\u1ea5n mi\u1ec5n ph\u00ed v\u00e0 l\u1ef1a ch\u1ecdn s\u1ea3n ph\u1ea9m ph\u00f9 h\u1ee3p nh\u1ea5t.<\/p>\n<p>c\u00f2n cung c\u1ea5p r\u1ea5t nhi\u1ec1u c\u00e1c m\u1eabu thi\u1ebft b\u1ecb s\u1ea3n xu\u1ea5t kh\u00e1c.<\/p>\n","protected":false},"excerpt":{"rendered":"<p>&nbsp;<\/p>\n<p><img fetchpriority=\"high\" decoding=\"async\" class=\"size-medium wp-image-5170 alignnone\" src=\"https:\/\/adat-maycatgiay.vn\/wp-content\/uploads\/2022\/12\/z3947838982121_b9976891969f5bdf042d0d1d838d267c-225x300.jpg\" alt=\"\" width=\"225\" height=\"300\" srcset=\"https:\/\/adat-maycatgiay.vn\/wp-content\/uploads\/2022\/12\/z3947838982121_b9976891969f5bdf042d0d1d838d267c-225x300.jpg 225w, https:\/\/adat-maycatgiay.vn\/wp-content\/uploads\/2022\/12\/z3947838982121_b9976891969f5bdf042d0d1d838d267c-767x1024.jpg 767w, https:\/\/adat-maycatgiay.vn\/wp-content\/uploads\/2022\/12\/z3947838982121_b9976891969f5bdf042d0d1d838d267c-768x1025.jpg 768w, https:\/\/adat-maycatgiay.vn\/wp-content\/uploads\/2022\/12\/z3947838982121_b9976891969f5bdf042d0d1d838d267c-760x1014.jpg 760w, https:\/\/adat-maycatgiay.vn\/wp-content\/uploads\/2022\/12\/z3947838982121_b9976891969f5bdf042d0d1d838d267c.jpg 956w\" sizes=\"(max-width: 225px) 100vw, 225px\" \/><\/p>\n<p>\u0110\u00f3ng ghim nh\u1eadt b\u1ea3n hi\u1ec7u Maru<br \/>\n\u0110\u00f3ng \u0111\u01b0\u1ee3c \u0111\u1ed9 d\u00e0y 200<br \/>\nT\u1edd<br \/>\nM\u1ecfng nh\u1ea5t 2 t\u1edd<br \/>\nX\u00e0i ambaya \u0111i\u1ec7n<br \/>\nX\u00e0i \u0111i\u1ec7n 110v<\/p>\n","protected":false},"featured_media":5171,"comment_status":"open","ping_status":"closed","template":"","meta":[],"product_cat":[15],"product_tag":[],"class_list":{"0":"post-5169","1":"product","2":"type-product","3":"status-publish","4":"has-post-thumbnail","6":"product_cat-uncategorized","8":"first","9":"instock","10":"shipping-taxable","11":"product-type-simple"},"_links":{"self":[{"href":"https:\/\/adat-maycatgiay.vn\/index.php?rest_route=\/wp\/v2\/product\/5169","targetHints":{"allow":["GET"]}}],"collection":[{"href":"https:\/\/adat-maycatgiay.vn\/index.php?rest_route=\/wp\/v2\/product"}],"about":[{"href":"https:\/\/adat-maycatgiay.vn\/index.php?rest_route=\/wp\/v2\/types\/product"}],"replies":[{"embeddable":true,"href":"https:\/\/adat-maycatgiay.vn\/index.php?rest_route=%2Fwp%2Fv2%2Fcomments&post=5169"}],"version-history":[{"count":1,"href":"https:\/\/adat-maycatgiay.vn\/index.php?rest_route=\/wp\/v2\/product\/5169\/revisions"}],"predecessor-version":[{"id":5176,"href":"https:\/\/adat-maycatgiay.vn\/index.php?rest_route=\/wp\/v2\/product\/5169\/revisions\/5176"}],"wp:featuredmedia":[{"embeddable":true,"href":"https:\/\/adat-maycatgiay.vn\/index.php?rest_route=\/wp\/v2\/media\/5171"}],"wp:attachment":[{"href":"https:\/\/adat-maycatgiay.vn\/index.php?rest_route=%2Fwp%2Fv2%2Fmedia&parent=5169"}],"wp:term":[{"taxonomy":"product_cat","embeddable":true,"href":"https:\/\/adat-maycatgiay.vn\/index.php?rest_route=%2Fwp%2Fv2%2Fproduct_cat&post=5169"},{"taxonomy":"product_tag","embeddable":true,"href":"https:\/\/adat-maycatgiay.vn\/index.php?rest_route=%2Fwp%2Fv2%2Fproduct_tag&post=5169"}],"curies":[{"name":"wp","href":"https:\/\/api.w.org\/{rel}","templated":true}]}}