{"id":5179,"date":"2022-12-16T06:19:59","date_gmt":"2022-12-15T23:19:59","guid":{"rendered":"https:\/\/adat-maycatgiay.vn\/?post_type=product&#038;p=5179"},"modified":"2022-12-16T06:23:43","modified_gmt":"2022-12-15T23:23:43","slug":"dong-ghim-nhat-ban-hieu-miami-dong-duoc-300-to","status":"publish","type":"product","link":"https:\/\/adat-maycatgiay.vn\/?product=dong-ghim-nhat-ban-hieu-miami-dong-duoc-300-to","title":{"rendered":"\u0110\u00f3ng ghim nh\u1eadt b\u1ea3n hi\u1ec7u Miami-\u0110\u00f3ng \u0111\u01b0\u1ee3c 300 t\u1edd"},"content":{"rendered":"<p><strong>T\u01b0 v\u1ea5n, mua m\u00e1y m\u00f3c thi\u1ebft b\u1ecb:<\/strong>\u00a0\u0110\u1ecba ch\u1ec9: 61-27 An Ph\u00fa \u0110\u00f4ng 13, Qu\u1eadn 12, TP H\u1ed3 Ch\u00ed Minh<\/p>\n<p><strong>\u2013 Li\u00ean h\u1ec7 mua v\u1eadt t\u01b0:\u00a0\u00a0<\/strong>\u00a0\u0110i\u1ec7n tho\u1ea1i : 0363 010 938<\/p>\n<p>Mi\u1ec5n ph\u00ed l\u1eafp \u0111\u1eb7t t\u1eadn n\u01a1i v\u00e0 h\u01b0\u1edbng d\u1eabn s\u1eed d\u1ee5ng chi ti\u1ebft.<\/p>\n<p>Qu\u00fd kh\u00e1ch h\u00e0ng h\u00e3y li\u00ean h\u1ec7 tr\u1ef1c ti\u1ebfp\u00a0\u0111\u1ec3 \u0111\u01b0\u1ee3c t\u01b0 v\u1ea5n mi\u1ec5n ph\u00ed v\u00e0 l\u1ef1a ch\u1ecdn s\u1ea3n ph\u1ea9m ph\u00f9 h\u1ee3p nh\u1ea5t.<\/p>\n<p>c\u00f2n cung c\u1ea5p r\u1ea5t nhi\u1ec1u c\u00e1c m\u1eabu thi\u1ebft b\u1ecb s\u1ea3n xu\u1ea5t kh\u00e1c.<\/p>\n","protected":false},"excerpt":{"rendered":"<div id=\"messageView\" class=\"message-view \" tabindex=\"21\">\n<div id=\"messageViewContainer\" class=\" message-view__scroll \">\n<div>\n<div id=\"messageViewScroll\" class=\"message-view__scroll__inner fadeInAndOut \">\n<div class=\"chat-item flx \">\n<div class=\"chat-content flx flx-col flx-cell \">\n<div id=\"bb_msg_id_1671062171563\" class=\"chat-message wrap-message rotate-container -send-time -reaction\" data-node-type=\"bubble-message\">\n<div class=\"\">\n<div class=\"card pin-react card-has-react last-msg card--text\" data-id=\"div_LastReceivedMsg_Text\">\n<h2><span class=\"text\">\u0110\u00f3ng ghim Nh\u1eadt B\u1ea3n hi\u1ec7u Miami <\/span><\/h2>\n<h2><span class=\"text\">\u0110\u00f3ng \u0111\u01b0\u1ee3c 300 t\u1edd <\/span><\/h2>\n<h2><span class=\"text\">X\u00e0i \u0111i\u1ec7n 110v <\/span><\/h2>\n<h2><span class=\"text\">C\u00f3 ch\u1ec9nh t\u1ed1c \u0111\u1ed9<\/span><\/h2>\n<div class=\"message-reaction-container has-reacts has-send-time show-react-btn always-display \">\n<div data-id=\"btn_LastReceivedMsg_React\">\n<h2 class=\"msg-reaction-icon react-icon\"><\/h2>\n<\/div>\n<\/div>\n<\/div>\n<\/div>\n<\/div>\n<\/div>\n<\/div>\n<\/div>\n<\/div>\n<\/div>\n<\/div>\n","protected":false},"featured_media":5180,"comment_status":"open","ping_status":"closed","template":"","meta":[],"product_cat":[15],"product_tag":[],"class_list":{"0":"post-5179","1":"product","2":"type-product","3":"status-publish","4":"has-post-thumbnail","6":"product_cat-uncategorized","8":"first","9":"instock","10":"shipping-taxable","11":"product-type-simple"},"_links":{"self":[{"href":"https:\/\/adat-maycatgiay.vn\/index.php?rest_route=\/wp\/v2\/product\/5179","targetHints":{"allow":["GET"]}}],"collection":[{"href":"https:\/\/adat-maycatgiay.vn\/index.php?rest_route=\/wp\/v2\/product"}],"about":[{"href":"https:\/\/adat-maycatgiay.vn\/index.php?rest_route=\/wp\/v2\/types\/product"}],"replies":[{"embeddable":true,"href":"https:\/\/adat-maycatgiay.vn\/index.php?rest_route=%2Fwp%2Fv2%2Fcomments&post=5179"}],"version-history":[{"count":2,"href":"https:\/\/adat-maycatgiay.vn\/index.php?rest_route=\/wp\/v2\/product\/5179\/revisions"}],"predecessor-version":[{"id":5186,"href":"https:\/\/adat-maycatgiay.vn\/index.php?rest_route=\/wp\/v2\/product\/5179\/revisions\/5186"}],"wp:featuredmedia":[{"embeddable":true,"href":"https:\/\/adat-maycatgiay.vn\/index.php?rest_route=\/wp\/v2\/media\/5180"}],"wp:attachment":[{"href":"https:\/\/adat-maycatgiay.vn\/index.php?rest_route=%2Fwp%2Fv2%2Fmedia&parent=5179"}],"wp:term":[{"taxonomy":"product_cat","embeddable":true,"href":"https:\/\/adat-maycatgiay.vn\/index.php?rest_route=%2Fwp%2Fv2%2Fproduct_cat&post=5179"},{"taxonomy":"product_tag","embeddable":true,"href":"https:\/\/adat-maycatgiay.vn\/index.php?rest_route=%2Fwp%2Fv2%2Fproduct_tag&post=5179"}],"curies":[{"name":"wp","href":"https:\/\/api.w.org\/{rel}","templated":true}]}}